what is -25522 - -3?
-25518
In base 12, what is 0 - -6061?
6061
In base 12, what is 27914 + -4?
27910
In base 16, what is -5a78 - 5d?
-5ad5
In base 14, what is -1 + 2821?
2820
In base 7, what is 404 + -200504?
-200100
In base 14, what is -3 + 3c266?
3c263
In base 10, what is -3273 - -433?
-2840
In base 4, what is 2000030 + -3001?
1331023
In base 16, what is -624 + -30?
-654
In base 9, what is -526 - -416?
-110
In base 10, what is 57 + -5069?
-5012
In base 6, what is 144052102 - -2?
144052104
In base 4, what is 10 + 1032133?
1032203
In base 15, what is 131 + -294?
-163
In base 16, what is 5 - -20fb?
2100
In base 16, what is -2ae89 + -5?
-2ae8e
In base 6, what is -20 + -21155?
-21215
In base 11, what is 18 + -18a5?
-1888
In base 5, what is 1023310 + 10?
1023320
In base 8, what is -2 - -32616?
32614
In base 5, what is -11000044 + -10?
-11000104
In base 9, what is -2 + -271607?
-271610
In base 10, what is 10416 - 0?
10416
In base 10, what is -12 - -9182?
9170
In base 14, what is 76c + -1d?
74d
In base 13, what is 47b + -29?
452
In base 5, what is 31 + 132224?
132310
In base 5, what is 1233 + -1041001?
-1034213
In base 7, what is 2 + -2215505?
-2215503
In base 12, what is -5a701 - -3?
-5a6ba
In base 13, what is -4 + c7b3?
c7ac
In base 6, what is -214 + -241?
-455
In base 16, what is c65e + 0?
c65e
In base 5, what is 1412 - -1004?
2421
In base 12, what is -3 - -32b2a?
32b27
In base 14, what is -d22 - -55?
-cab
In base 4, what is 1013021 - 0?
1013021
In base 7, what is 34163 + -1162?
33001
In base 16, what is -b8b + -13?
-b9e
In base 6, what is 551 + 125?
1120
In base 7, what is 143 - -13224?
13400
In base 10, what is 9 + 2273?
2282
In base 7, what is 2 - 6232556?
-6232554
In base 7, what is -3 - -31240?
31234
In base 15, what is 1ad834 - 3?
1ad831
In base 4, what is 211233011 + 11?
211233022
In base 2, what is 1001111010110 - 11001?
1001110111101
In base 11, what is -5 + 147a9?
147a4
In base 3, what is -12 - 100000102?
-100000121
In base 15, what is -214 + -118?
-32c
In base 6, what is -500 + -50444?
-51344
In base 16, what is 6 + -4471?
-446b
In base 11, what is 65a2 + -7?
6596
In base 3, what is 12020 - 2?
12011
In base 8, what is -3 + 23067?
23064
In base 3, what is -211221 - -2?
-211212
In base 3, what is -101100002000 + -12?
-101100002012
In base 11, what is 0 + -20635?
-20635
In base 2, what is -111001101110010111 + -1111?
-111001101110100110
In base 11, what is 7a87 - 0?
7a87
In base 12, what is 2 - 27025?
-27023
In base 6, what is 2 - 31144?
-31142
In base 12, what is -609 - -27?
-5a2
In base 4, what is 230 - -3012?
3302
In base 4, what is -122 + 1010210?
1010022
In base 15, what is -6 + 1bb57?
1bb51
In base 2, what is 1 - 1100001100100?
-1100001100011
In base 14, what is -215c + -26?
-2184
In base 2, what is -110111000 + -10110001?
-1001101001
In base 15, what is -c61b4c + -3?
-c61b50
In base 10, what is -2 - -7538?
7536
In base 15, what is -d + 9b8?
9aa
In base 2, what is -10110 - 101001100111?
-101001111101
In base 7, what is -1620120 - -2?
-1620115
In base 7, what is 21 - -52412?
52433
In base 12, what is -15 - 292?
-2a7
In base 15, what is 31 + -307?
-2c6
In base 9, what is 2 + 6187?
6200
In base 12, what is a7 - -29?
114
In base 11, what is 31 - 58a1?
-5870
In base 4, what is 13 - -33223221?
33223300
In base 11, what is 166 + -1016?
-960
In base 2, what is 10000 + -11000001110011?
-11000001100011
In base 13, what is a + -15b67?
-15b5a
In base 5, what is -313423 - 12?
-313440
In base 12, what is -549025 - 1?
-549026
In base 7, what is -10602 + 54?
-10515
In base 2, what is 100001010000 + -111000?
100000011000
In base 7, what is 306103 + 4?
306110
In base 16, what is 4 - -98bf?
98c3
In base 16, what is 5 + -ca23?
-ca1e
In base 15, what is 72 + 130?
1a2
In base 4, what is -2 - 3010203?
-3010211
In base 8, what is -130310 + -5?
-130315
In base 10, what is 31 - -39558?
39589
In base 16, what is 515d + ef?
524c
In base 5, what is 3 + 14424?
14432
In base 9, what is 4282 - 0?
4282
In base 15, what is -2 + -3d59?
-3d5b
In base 12, what is 5056 - 10?
5046
In base 4, what is -321 - -10130?
3203
In base 10, what is 715 + 20?
735
In base 8, what is -4755612 - -3?
-4755607
In base 16, what is 0 + 12568?
12568
In base 9, what is 304700 - -4?
304704
In base 8, what is -3 + -43161?
-43164
In base 9, what is -34875 - -18?
-34856
In base 11, what is -78aa7 + 31?
-78a76
In base 5, what is -132104 + 10?
-132044
In base 6, what is 445 - 1214?
-325
In base 6, what is -3100 + 5420?
2320
In base 11, what is 6372 + 26?
6398
In base 16, what is -46 - -8d?
47
In base 5, what is -23 - 4013122?
-4013200
In base 2, what is -110000 + 100111111?
100001111
In base 12, what is -1 - -a252?
a251
In base 11, what is 44446 - -23?
44469
In base 13, what is 2bc + -152b?
-123c
In base 13, what is 125 - -49?
171
In base 13, what is -4 - -a577?
a573
In base 9, what is 76 + -214?
-127
In base 3, what is -1010212 + -12220?
-1100202
In base 3, what is 11011110012 - 10?
11011110002
In base 16, what is -1342e - -4?
-1342a
In base 12, what is -2633b + -1?
-26340
In base 2, what is 1101011101010000000 - -100?
1101011101010000100
In base 16, what is 5a617 - -2?
5a619
In base 14, what is 3d1 + -8?
3c7
In base 9, what is -2386 - 426?
-2823
In base 7, what is -15545 - 416?
-16264
In base 5, what is 2 - -212121210?
212121212
In base 6, what is 23315 - 1?
23314
In base 9, what is -117747 + -8?
-117756
In base 11, what is 3 + 11095?
11098
In base 13, what is -276 + -92?
-338
In base 8, what is 20 - -7000?
7020
In base 15, what is 1197 - 282?
e15
In base 8, what is -2 - 1274?
-1276
In base 2, what is -1110100010101 - 100?
-1110100011001
In base 16, what is 5149 + 3?
514c
In base 8, what is -5576 - -2?
-5574
In base 4, what is -110313 - 111?
-111030
In base 13, what is -a3bc - 5?
-a3c4
In base 2, what is -11 - -11000111001110101111?
11000111001110101100
In base 3, what is 2121 + 111010011?
111012202
In base 3, what is -2111 + -12021?
-21202
In base 8, what is 405 - 176?
207
In base 14, what is -39ad - 37?
-3a06
In base 14, what is -22 - -1d24?
1d02
In base 9, what is -31 + -120470?
-120511
In base 13, what is -31 - -509?
4a8
In base 12, what is 2 + -15452?
-15450
In base 10, what is -21 + 2817?
2796
In base 16, what is cc2d + 14?
cc41
In base 9, what is 14 + 58686?
58711
In base 3, what is -1100202022 - -2002?
-1100200020
In base 7, what is -5 - 2413?
-2421
In base 7, what is -1 + 2651644?
2651643
In base 3, what is 102020100001 + -111?
102020022120
In base 7, what is 336 + 550?
1216
In base 5, what is 4 + 21224140?
21224144
In base 7, what is 106 + 1351?
1460
In base 5, what is -3310311 + 4?
-3310302
In base 8, what is 36 + 146516?
146554
In base 15, what is 34 + -1755e?
-1752a
In base 9, what is -2212 + 2647?
435
In base 2, what is -10000100 - -10000011000?
1110010100
In base 3, what is -121221221 + 2222?
-121211222
In base 11, what is -148 - 1488?
-1625
In base 15, what is a1a - 547?
4c3
In base 15, what is 272 - 2e?
243
In base 9, what is -4 + 440824?
440820
In base 3, what is -11211 + -1002000210?
-1002012121
In base 16, what is 46c4 - -1b?
46df
In base 4, what is 0 - 31323230?
-31323230
In base 16, what is cc7 - -37?
cfe
In base 4, what is -2 + 121030102?
121030100
In base 4, what is 323 - 22210231?
-22203302
In base 14, what is -5 - 170510?
-170515
In base 5, what is -3 + -41002101?
-41002104
In base 8, what is 2 - -40744?
40746
In base 11, what is -2519 - -a?
-250a
In base 16, what is 4fe3 - -30?
5013
In base 15, what is -5 - -1119?
1114
In base 7, what is 11 - -605545?
605556
In base 10, what is 2080 + 56?
2136
In base 6, what is -335 + -21441?
-22220
In base 14, what is 282a7 + -18?
2828d
In base 15, what is -175 - d?
-183
In base 13, what is -3a63 + 2?
-3a61
In base 16, what is 199 - -5f?
1f8
In base 9, what is 21344 - -1?
21345
In base 8, what is 366 - -22403?
22771
In base 8, what is -46 - 42330?
-42376
In base 5, what is -2030 + 10?
-2020
In base 2, what is 1010011000101000 + 1?
1010011000101001
In base 6, what is 1314011 + -4?
1314003
In base 12, what is 12 - 20504?
-204b2
In base 16, what is -6a - f?
-79
In base 9, what is 6 - -124254?
124261
In base 11, what is a3507 + -10?
a34a7
In base 7, what is 3323 + 133?
3456
In base 3, what is -22002110 - 22?
-22002202
In base 7, w